*d + 6*l - b. Let a(h) be the first derivative of h**3/3 - h**2 - 4*h + 1. What is a(d)?
4
Let k(v) be the third derivative of v**6/120 - v**5/10 - v**2. Let d be k(6). Suppose d*i = 4*i. Let u(o) = -o + 5. Give u(i).
5
Let n(m) = 7 - 5*m**2 + 0 + m**3 + 0*m**2 - 2*m. Let s be (6 - 5)*(-3 + -1). Let u be (-2)/s*(-50)/(-5). Give n(u).
-3
Let p(x) be the second derivative of -x**4/12 + x**3/6 + x**2/2 + 7*x. Give p(0).
1
Let v = 0 - 7. Let c(i) = i + 11. Calculate c(v).
4
Let i be -2*(-3 - (3 - 4)). Let j(n) = 2 - n + 5 - i*n + 4*n. Give j(-5).
12
Let i(x) = -5*x + 4. Let o(y) = 6*y - 5. Let f(q) = 5*i(q) + 4*o(q). Let p be f(-1). Let l(s) = 2*s**3 + 2*s**2 - 2*s + 1. Give l(p).
3
Let m = 5 + 0. Suppose 0 = -5*o + 15, 3*i + 16 - 37 = -5*o. Let c(k) = -k**3 + 4*k**2 - 3*k - 3*k + i*k**2 + 2. Give c(m).
-3
Let k(s) be the second derivative of -s**4/12 + s**3/2 + 2*s**2 - 28*s. Determine k(5).
-6
Suppose 5*j - 34 = -3*i, -2*i + 6 = 2*j + 3*i. Let h(z) = z - z**3 + 0*z - j + 6 + 5*z**2. Suppose -20 = -4*u - 0*u. Calculate h(u).
3
Suppose -5*k - 5*r + 65 = 0, 5*k - 53 = r - 12. Let g(v) = -2*v + v**2 + 4*v**2 - 5*v**2 - k*v**3 - 1 - 2*v**2. What is g(-1)?
8
Let a = 0 - -3. Suppose -3*c + 6 + a = 0. Let p(s) = -2 + 3*s**2 - s**c + 6 - 3*s + 0*s**2 + 0*s**2. Calculate p(3).
-5
Let w(s) be the first derivative of -s**3/3 - 7*s**2/2 - 9*s + 6. Determine w(-7).
-9
Let u(p) = -p**2 - p - 2. Let h(v) = v + 1. Let s(a) = 3*h(a) - u(a). Give s(-4).
5
Let k(u) be the first derivative of -u**3/3 + u**2/2 + u + 1. Let o(b) = b**2 - 4*b - 1. Let j be o(4). What is k(j)?
-1
Let u(f) = 2*f + f - 4*f - 3 + 0*f. What is u(-3)?
0
Let d = 4 + -11. Let x be (-44)/7 - 2/d. Let b(o) = -o**2 + 2*o**2 + 11*o - 4*o. Determine b(x).
-6
Let c(n) be the first derivative of -4 + 0*n**2 + 1/3*n**3 + 3/4*n**4 - n. Let i(z) = -z**2 - 6*z - 1. Let x be i(-6). Give c(x).
-3
Let p = -2 - -2. Let h(q) = -1 - 5 + p + q - 2*q. Suppose 0 = -g - 0*g. Calculate h(g).
-6
Let g(m) = -m**3 + 5*m**2 - 4*m + 1. Let c(d) be the second derivative of -d**3/6 - 5*d**2/2 - 7*d. Let y be c(-9). Determine g(y).
1
Let t = -1 - -5. Let g(j) = 0 - 7 - 4*j + t + 5*j. Give g(6).
3
Let o(n) = n**3 + 3*n**2 + 3. Let j(i) = i + 13. Let p be j(10). Let x be 6/21 + p/(-7). What is o(x)?
3
Let x(m) = 6*m**2 + 4*m + 2. Let y(g) = g - 20. Let j be y(18). What is x(j)?
18
Let d(w) = 8 - w + 0*w + 3 - 1. Let j(c) = -1. Let f(x) = d(x) + 2*j(x). What is f(4)?
4
Suppose 3*i - i = -5*w - 16, i - 18 = 4*w. Let t(x) be the first derivative of -5/2*x**i + 3 - x. Calculate t(-1).
4
Let o be 25/9 + (-2)/(-9). Let z(w) = w**3 - 7 + 7*w**2 + 4*w + 0*w**3 + 0*w**o. Suppose -5*y = -20, -5*x - 18 = 2*y + y. What is z(x)?
5
Suppose 3*t - 30 = 4*y, -y = -2*y - 3. Let x(h) = -2*h + 7. Give x(t).
-5
Let x(l) = l**3 + 9*l**2 + 10*l + 12. Let k be x(-8). Suppose c - 3*j - 9 = -4*j, 2*j + 7 = 3*c. Let b(h) = -3*h + h**2 + c*h + 0*h**2. What is b(k)?
8
Let d be (-15)/(-10)*4/6. Let w(v) be the first derivative of 0*v**2 - v + d + 1/3*v**3 - 5/4*v**4. Calculate w(1).
-5
Let p = 24 + -14. Suppose 2*t = -4*j - p, -3*t = 3*j - 4*t. Let o(n) = -n**3 + n**2 + 2*n + 1. Determine o(j).
1
Suppose 3 = 4*z - 1. Let r = z + 2. Let j(g) = 0*g**2 - 3*g**2 - g - g**3 + r - 2*g**2. Give j(-5).
8
Suppose -2 = 10*m - 11*m. Let f(d) = 3*d**3 - 7*d**m - 6*d**3 + 2*d**3 - 2 - 5*d. Calculate f(-6).
-8
Let v be 0/(1 - -2 - 1). Suppose -b + 0*b - 2 = 0. Let y be 3/((-3)/b - v). Let k(s) = -s**3 + 3*s - 3. Give k(y).
-5
Let v = 1 - 9. Let m be (12/8)/((-6)/v). Let i(l) = -l - l**m + 0*l - 3 + 0*l + 0*l**2. What is i(0)?
-3
Let u(p) = p - 8. Let b(v) = 4*v**2 + 1. Let t be b(-1). Suppose h = t*f + 2 + 18, -5*h = -4*f - 37. Let z = -3 - f. What is u(z)?
-8
Let u = 16 + -12. Suppose -5*n - u*h + 2*h - 14 = 0, 5*n = 2*h - 6. Let k(g) = g + 4. Calculate k(n).
2
Let b be (-12)/2 - (-1 + 0). Suppose -4*c = -2*o + 8, -5*c + c = -3*o + 12. Let z(q) = -q - 6 + 0*q + c. Calculate z(b).
-1
Let q(m) = -10*m**3 - m**2 + m + 1. Let b = 5 - 2. Let z(n) = -n**3 + 3*n**2 - 1. Let j be z(b). Calculate q(j).
9
Let x(o) = 2*o. Let z be (3/(-2))/(3/(-10)). Suppose -2*p = p + 3, -z*p - 40 = -5*c. Let h = c + -8. Calculate x(h).
-2
Let k(s) = -3*s - 7. Let f(l) be the third derivative of -l**6/120 - 7*l**5/30 + l**4/24 + 4*l**3/3 - l**2. Let m be f(-14). Give k(m).
11
Let l(w) = -w**2 + w + 1. Let t(i) be the second derivative of -i**3/6 - 2*i**2 + i. Let j be t(-6). Calculate l(j).
-1
Let j = 0 - 4. Let c(h) = 5. Let o(q) = -2*q + 25. Let y(n) = -11*c(n) + 2*o(n). Calculate y(j).
11
Let w(a) = -2*a + 15. Let l(f) = -f + 7. Let r(y) = -7*l(y) + 4*w(y). Let u be r(9). Let j(p) = 4*p - 3*p - 2*p + u*p. Calculate j(-2).
-2
Let l(o) = -o**3 - o**2 + 3*o - 3. Let n = -112 - -109. What is l(n)?
6
Suppose -3*v + 4*v = 4. Let t(u) = -u + 1. Let g(b) = -2*b + 1. Let s(a) = 4*g(a) - 9*t(a). Determine s(v).
-1
Let a(m) = -m**2 + 1. Let l(i) = 7*i**2 - 8. Let q(w) = 6*a(w) + l(w). What is q(0)?
-2
Suppose p + p = 0. Let f(d) = -d**2 + 6*d - 7 + 2*d**2 + 2 + p*d**2. Determine f(-5).
-10
Let h(d) be the second derivative of d**3/6 - d**2 - d. Let n = -80 - -115. Suppose -4*t + 10 = 5*k, k - 6*k + t = -n. Calculate h(k).
4
Let s(k) = -k + 7. Let h be 15/10 + 22/4. Calculate s(h).
0
Let x = -1 - 0. Let b(v) = -5*v**3 - 5*v**2 + v - 9. Let g(p) = -p**2 + 0*p - 4*p - p**3 + 4*p. Let d(r) = x*b(r) + 6*g(r). What is d(0)?
9
Let i(k) be the third derivative of k**7/2520 + k**6/720 - k**5/40 + k**4/24 + 8*k**2. Let f(q) be the second derivative of i(q). Determine f(3).
9
Let d(j) be the third derivative of -j**5/40 + 3*j**4/8 - j**3/2 - 5*j**2. Let x(l) be the first derivative of d(l). Determine x(6).
-9
Let h(z) = z**3 + 3*z**2 + 3. Let t be h(-3). Let l(b) = t - 1 - b - 1. Calculate l(4).
-3
Let i(s) = -s**3 + 5*s**2 - 2*s + 2. Let k(b) = b**3 - 5*b + 6. Let y be k(2). Give i(y).
10
Let x(m) be the second derivative of m**4/24 - m**3/6 - 3*m**2/2 + 3*m. Let y(k) be the first derivative of x(k). What is y(6)?
5
Suppose -4*h + m - 1 + 0 = 0, 2*h - 4*m = -4. Suppose k - 3 + 1 = h. Let j(u) = -4 + u**2 + 3*u - u + 1. Calculate j(k).
5
Let y(w) = -w**2 + 17*w + 14. Let p = -22 + 40. Let n be y(p). Let c(a) = -a**2 - 3*a. Determine c(n).
-4
Let t = -3 - -3. Let z(j) = -j**3 + j**2 + 1. Let a(u) = -u**3 + u**2 + u - 1. Let d(l) = -a(l) + 2*z(l). Determine d(t).
3
Let i(h) = h + 3. Suppose -5*k - 22 = -3*q, q + 0 = -3*k - 16. Give i(k).
-2
Let w(y) = 3*y - 1 + 3 + 2*y - 3*y. Calculate w(-4).
-6
Let o(d) = -d**2 - 4*d - 4. Let y(m) = -3*m**2 - 11*m - 13. Let b = -9 - -6. Let k(a) = b*y(a) + 8*o(a). Calculate k(0).
7
Let d(b) = 4*b - 4*b + 4*b + 1. What is d(-1)?
-3
Let k(c) = c**3 - 4*c**2 + 2*c + 2. Let z be (2/(-3))/((-4)/(-30)). Let i(q) = -q**2 - 6*q - 3. Let y be i(z). Calculate k(y).
-2
Let w(x) = 1. Let v(s) = -5*s + 1. Let n(r) = -3*r. Let u(d) = -7*n(d) + 4*v(d). Let k(z) = -u(z) + 5*w(z). Let b = -4 - -4. Calculate k(b).
1
Let p(w) = -9*w + 42. Let b be p(5). Let h(v) = v**3 + 4*v**2 + 3*v - 2. Determine h(b).
-2
Suppose 3*t = -11 - 4. Let x(a) = -3*a**3 - 4*a**2 - 3*a + 5. Let c be 2 - (0 + -2 + 2). Let f(u) = u**3 - u**2. Let p(g) = c*f(g) + x(g). Calculate p(t).
-5
Let k(q) = q - 1. Suppose -2*l + 6 = -6. Let w(x) be the second derivative of x**5/20 - 7*x**4/12 + x**3 - x**2/2 + 2*x. Let a be w(l). Give k(a).
-2
Let r(p) be the second derivative of -p**6/144 + p**5/60 - p**4/12 + 4*p. Let o(i) be the third derivative of r(i). What is o(2)?
-8
Let f(o) = o**2 - 3*o + 3. Let r be f(3). Suppose -r*a + 0*a + 12 = 0. Let c(s) = s**2 + 1 - 3 - 6*s**2 + s**3 - 6*s - a. Determine c(6).
-6
Let p = 45 - 45. Let s(g) be the second derivative of 2*g - 1/20*g**5 + 1/6*g**3 + 0*g**4 - 3/2*g**2 + 0. What is s(p)?
-3
Let g(m) = -m**3 + 2*m**2 + 3. Suppose 5*o = -4*t + 7, 12*t - 13*t = o - 2. Give g(t).
-6
Let j = 4 + -2. Let z be j/8 + (-3)/(-4). Let n(y) = 1 - 4*y - 2*y**2 + 0*y**2 - y + 3*y. Give n(z).
-3
Let d be (-4)/(-2)*-1 - (4 - 11). Let f(v) = -v**2 + 6*v. What is f(d)?
5
Let l(v) be the second derivative of 5/12*v**4 - 5*v + v**3 + 0 - 1/20*v**5 - 3/2*v**2. What is l(6)?
-3
Let j(k) = -k**3 - 2*k**2 + 3*k + 6. Let s be j(-2). Let u(i) be the first derivative of i**2/2 - 5*i - 2. Calculate u(s).
-5
Let i